are the prime factors of g?
5, 1709
Let m(n) = 3435*n**3 + 2*n**2 + 2*n - 6. What are the prime factors of m(1)?
3433
Let j be (1 + -1)/(-6) - (-3 + -1). Suppose 4*r - 868 = j*p, -868 = -3*r - 2*p - 222. List the prime factors of r.
2, 3
Let m = -2297 - -3228. List the prime factors of m.
7, 19
Suppose -4*w + z = -22 + 13, 4*z = -4. Let j(y) = 25*y**3 + 4*y**2 - 2*y - 3. List the prime factors of j(w).
11, 19
List the prime factors of (-13 + (-5076)/16)/(1/(-16)).
2, 1321
Let a(s) = -s**3 + 12*s**2 + 70*s - 46. Let i be a(16). Suppose 39*b - i*b = -5258. What are the prime factors of b?
2, 239
Suppose 0 = 3*g + 2*g + a - 8, 4*g = -3*a + 2. Let l(z) = -10 + 0*z**2 - 4*z - z**3 + 1 - 5*z**g + 0. What are the prime factors of l(-6)?
3, 17
Let u(i) = -i**3 - i**2 - i + 255. Let z be u(0). Suppose v + 2*f = 205, 3*f + 54 = -v + z. What are the prime factors of v?
3, 71
What are the prime factors of (-1 - (-10578 - 3)) + (-1 - 1)?
2, 3, 41, 43
Suppose -6*t - 408 = 408. Let u = -128 - t. Suppose -1284 = -14*z + u*z. List the prime factors of z.
2, 107
Let f(x) = 10*x**2 + 123*x + 2824. List the prime factors of f(-27).
6793
Let i(y) = -y + 8. Let a be i(6). Suppose 70 = 17*c + a. Suppose h + 0*g - 275 = -c*g, 5*h = -g + 1375. List the prime factors of h.
5, 11
Suppose -2*s - 2009358 = -16*s - 25*s. List the prime factors of s.
2, 3, 31, 277
Let j = 256 - 261. Let k(l) = -184*l - 71. What are the prime factors of k(j)?
3, 283
Suppose -3*o + 24450 - 1749 = 0. List the prime factors of o.
7, 23, 47
Let u = -263 + 266. Suppose 2*n + 1946 = 5*c - c, 3*c - u*n = 1461. What are the prime factors of c?
2, 3
What are the prime factors of -1*(-45)/(-25)*-2885?
3, 577
Let t = 115600 - 66389. What are the prime factors of t?
49211
Let g = -6 + 3. Let o(u) = 1273 + 4*u + 6*u**2 - 2553 + 1281 + 6*u**2 + 0*u. List the prime factors of o(g).
97
Suppose 0 = z + 5*x - 8091, 3*x = -5*z + 38661 + 1750. What are the prime factors of z?
8081
Suppose -3*x + 7 = -4*s, -9 = 3*s + 2*x - 5*x. Suppose 0 = s*b - 47 + 11. Suppose q = -5*n + 240, -n + 30 = -3*q - b. What are the prime factors of n?
2, 3
Let v = -43 + 45. Let n be (36*8/15)/(v/10). Suppose 5*y + n = 11*y. List the prime factors of y.
2
Let p = 15015 - 3051. What are the prime factors of p?
2, 3, 997
Suppose a + l - 1 = 6*l, 4*a - 23 = l. Let m be 4 - 18 - (a + -4). Let n = m - -222. What are the prime factors of n?
2, 103
Suppose -3*l = 5*s - 136969, -3*l + 77*s = 75*s - 136997. List the prime factors of l.
3, 31, 491
Let u(l) = -2*l**2 - 18*l - 13. Let g be u(-8). What are the prime factors of 2*(228 - (g + -5))?
2, 5, 23
Let p(m) = 18*m + 1. Let h(o) = 53*o + 2. Let f(x) = -6*h(x) + 17*p(x). Let q be 10*3*(1 + (-68)/60). What are the prime factors of f(q)?
53
Suppose -c = -2*q + 16334, -2*q + c = -3*q + 8164. List the prime factors of q.
2, 3, 1361
Suppose 9*a - 317 = 52. Let r = 9 + a. Suppose -3*y - q + r = 2*y, -40 = -4*y - 4*q. What are the prime factors of y?
2, 5
Let s = -44661 - -63017. What are the prime factors of s?
2, 13, 353
Let q = -500 + 508. Suppose 4677 + 2579 = q*t. What are the prime factors of t?
907
Suppose 4*r = -4*f - 8, -9*r + 10*r - 10 = 5*f. Suppose 4 - 12 = -2*t, r = 3*p + t - 76. List the prime factors of p.
2, 3
Let j = -122 - -124. Suppose 0*o - j*o = 5*f - 1805, -5 = -5*f. What are the prime factors of o?
2, 3, 5
Let r = 9007 + -253. List the prime factors of r.
2, 3, 1459
Suppose -106 + 281 = -x. Let c = -114 - x. List the prime factors of c.
61
Suppose 59 = 14*b + 157. Let l(n) = 13*n - 5*n**2 - 19*n - 17 - 6*n - n**3. List the prime factors of l(b).
3, 5, 11
Let p(l) = 6*l**2 - 48*l - 1304. List the prime factors of p(55).
2, 7103
Suppose 13*k - 38462 = 14747. Suppose -k = -7*p + 3796. List the prime factors of p.
7, 23
Suppose 4669 + 160195 = 14*w. What are the prime factors of w?
2, 23
Suppose -14*o + 13*o - 2*v - 355 = 0, -4*o + v = 1447. Let f = 622 + o. What are the prime factors of f?
3, 29
Suppose 102*k + 199*k - 869042 = -110522. What are the prime factors of k?
2, 3, 5, 7
Let s(q) = -2*q**3 - 18*q**2 - 41*q - 30. Suppose -74 + 173 = -9*b. List the prime factors of s(b).
5, 181
What are the prime factors of (186/10)/((-30)/(-100))*702?
2, 3, 13, 31
Let b = 17297 - -15879. What are the prime factors of b?
2, 11, 13, 29
Let p = 280 + -274. List the prime factors of p/(-2)*1 + 231.
2, 3, 19
Suppose 2*a + 146 = -d + 28, -4 = a. Let h = d - -213. List the prime factors of h.
103
Suppose 4*z - 2*z - 22 = -4*b, 2*z - 29 = 3*b. Suppose -9 = q - z. Suppose 5*w - q*w - 27 = 0. List the prime factors of w.
3
Let w(n) = 61*n - 2. Let y be w(2). Let u be 6 - ((-4)/(-46) - 40176/207). Let c = u - y. What are the prime factors of c?
2, 5
Let w(r) = 6*r - 33. Let o be w(4). Let a = 13 + o. Suppose 0 = -5*x, -4*x - 615 = -a*t + 1. What are the prime factors of t?
2, 7, 11
Let x = -227 - -231. List the prime factors of 2*(-2858)/(-8) - (-6)/x.
2, 179
Suppose 0 = 17*m + 60 - 162. Let f be (m + -2 - 3)/(2/168). Let c = 87 - f. What are the prime factors of c?
3
Suppose -310 = -3*k + 230. Let m(s) = 183*s**2 - 2*s - 3. Let r be m(-1). Suppose -r*l + 414 = -k*l. List the prime factors of l.
3, 23
Let b(r) = r**3 - 5*r**2 + 6. Let q be b(5). Let c = -2 + q. Suppose -16 = f - 5*i, 0 = -6*f + 3*f + 2*i + c. What are the prime factors of f?
2
Let l(s) = -12*s + 132. Let q be l(11). List the prime factors of (464/(-20) - q)*(-140)/14.
2, 29
Suppose -4*w - 30952 + 114357 = i, 0 = -5*w + 2*i + 104279. What are the prime factors of w?
3, 7, 331
Let o be 4/(32/42) + 20/(-80). Let l(p) = -21 - 17 + 4*p - o*p + p**2. What are the prime factors of l(-17)?
2, 67
Let d(y) = 266*y**2 - 116*y + 22. What are the prime factors of d(5)?
2, 1523
What are the prime factors of 736593/24 + ((-222)/(-48) - 5)?
47, 653
Let m be -6 + 36 + -12 - 14. Let t be -1 - -2 - 0 - -1. Suppose 197 = t*x + l, 0*l + 5*l - 385 = -m*x. What are the prime factors of x?
2, 5
Let s = -169 + 171. List the prime factors of (s + -5)/(-1) + -17 + 769.
5, 151
Suppose -3*d - 90 = 2*h, -5*d + d - 115 = h. List the prime factors of ((-3)/3 - d/7) + 202.
5, 41
Let d(i) be the first derivative of 29*i**6/180 - i**5/30 + i**4/12 - i**3/3 - 33. Let f(k) be the third derivative of d(k). What are the prime factors of f(2)?
2, 113
Suppose 4*t + 7 - 3 = 0, 3*t - 22 = -5*a. Suppose -5*y - 2645 = -4*i + 1420, a*i = 3*y + 5091. What are the prime factors of i?
2, 3, 5, 17
Suppose 6*s = 10 + 26. Suppose -s*w - 7 = -343. List the prime factors of w.
2, 7
Let y(u) = -4*u - 23. Let w be y(-7). List the prime factors of 557 - (w/(-2) + 2)*4.
13, 43
Let u(z) = 8*z**3 + 45*z**2 - 25*z + 1. What are the prime factors of u(9)?
19, 487
Let r(x) = 305*x - 2535. Let a be r(9). Suppose -3*t = q + 12, -5*t - 5 = 2*q + 14. Suppose 4*g - a = q*g. List the prime factors of g.
2, 3, 5, 7
Suppose -3*u - k = -11080, -5*k + 2*k - 6 = 0. Suppose -u = 14*j - 17484. Suppose 3*x = 4*l + 584, -2*x + 5*l - j = -7*x. What are the prime factors of x?
2, 7
Let a be (-1*3)/(18/2388 - 0). Let o = a - -579. List the prime factors of o.
181
Let d = 557 - 258. List the prime factors of (d - (-6)/(-6)) + -4.
2, 3, 7
Let x(a) be the third derivative of 13*a**5/120 - 13*a**4/6 + 14*a**3/3 + 15*a**2. Let s(b) be the first derivative of x(b). List the prime factors of s(13).
3, 13
Suppose -4*m + 0*g + 137101 = 3*g, g + 102829 = 3*m. List the prime factors of m.
2, 11, 19, 41
Let l = 795 + 13030. What are the prime factors of l?
5, 7, 79
Suppose -81*h + 1177101 = 640435 - 5998819. What are the prime factors of h?
3, 5, 11, 163
Let u = 4311 + 4396. What are the prime factors of u?
8707
What are the prime factors of (-6 - -8)*(-13 + 31 - -8955)?
2, 3, 997
Let p(n) = 52*n - 16. Let z(k) = -33*k + 11. Let s(x) = -5*p(x) - 7*z(x). Let y = -1 + 0. List the prime factors of s(y).
2
List the prime factors of (1/6)/(42/504) + 1*23863.
3, 5, 37, 43
Let n(u) = 5*u**2 + 4*u - 3. Let b(j) = -43*j**2 + j. Let f be b(-1). Let g = -48 - f. List the prime factors of n(g).
61
Suppose 38 - 18 = 10*l. Suppose -4248 = -3*d - 3*h, -h = -l*h. What are the prime factors of d?
2, 3, 59
Suppose i - 130784 = -5*d, i - 104627 = -42*d + 38*d. List the prime factors of d.
3, 8719
Let b(x) be the third derivative of -221*